 of 5558?
5
What is the ten thousands digit of 69915?
6
What is the thousands digit of 2908?
2
What is the thousands digit of 5336?
5
What is the hundreds digit of 82914?
9
What is the hundreds digit of 187?
1
What is the thousands digit of 134304?
4
What is the tens digit of 1672?
7
What is the hundreds digit of 39317?
3
What is the hundreds digit of 2881?
8
What is the units digit of 321?
1
What is the hundreds digit of 44949?
9
What is the units digit of 427?
7
What is the hundreds digit of 47917?
9
What is the units digit of 727?
7
What is the thousands digit of 18218?
8
What is the hundreds digit of 20578?
5
What is the tens digit of 6601?
0
What is the tens digit of 60?
6
What is the tens digit of 138732?
3
What is the thousands digit of 32188?
2
What is the thousands digit of 1948?
1
What is the thousands digit of 7336?
7
What is the hundreds digit of 820?
8
What is the tens digit of 72?
7
What is the thousands digit of 1576?
1
What is the tens digit of 10034?
3
What is the units digit of 6480?
0
What is the tens digit of 90198?
9
What is the hundreds digit of 61982?
9
What is the thousands digit of 12426?
2
What is the tens digit of 30413?
1
What is the tens digit of 3836?
3
What is the units digit of 17297?
7
What is the ten thousands digit of 10207?
1
What is the tens digit of 3567?
6
What is the tens digit of 1717?
1
What is the units digit of 112076?
6
What is the ten thousands digit of 37142?
3
What is the units digit of 54806?
6
What is the units digit of 865?
5
What is the thousands digit of 1751?
1
What is the hundreds digit of 71580?
5
What is the hundreds digit of 859?
8
What is the thousands digit of 87654?
7
What is the thousands digit of 1498?
1
What is the ten thousands digit of 39089?
3
What is the thousands digit of 15819?
5
What is the hundreds digit of 2892?
8
What is the tens digit of 1305?
0
What is the tens digit of 1810?
1
What is the tens digit of 62124?
2
What is the thousands digit of 14601?
4
What is the thousands digit of 3522?
3
What is the thousands digit of 1137?
1
What is the thousands digit of 2628?
2
What is the thousands digit of 19473?
9
What is the units digit of 12643?
3
What is the hundreds digit of 189?
1
What is the thousands digit of 3937?
3
What is the units digit of 1778?
8
What is the hundreds digit of 13162?
1
What is the hundreds digit of 1143?
1
What is the units digit of 36?
6
What is the hundreds digit of 1066?
0
What is the units digit of 3155?
5
What is the thousands digit of 1683?
1
What is the thousands digit of 1015?
1
What is the units digit of 2110?
0
What is the thousands digit of 69236?
9
What is the hundreds digit of 18604?
6
What is the units digit of 185306?
6
What is the thousands digit of 141083?
1
What is the tens digit of 67835?
3
What is the units digit of 2609?
9
What is the units digit of 32437?
7
What is the tens digit of 29484?
8
What is the units digit of 7743?
3
What is the thousands digit of 1899?
1
What is the thousands digit of 7088?
7
What is the thousands digit of 65337?
5
What is the thousands digit of 33067?
3
What is the units digit of 4106?
6
What is the units digit of 998?
8
What is the hundreds digit of 1317?
3
What is the hundreds digit of 11748?
7
What is the units digit of 23716?
6
What is the hundreds digit of 1057?
0
What is the thousands digit of 11747?
1
What is the thousands digit of 7579?
7
What is the units digit of 443?
3
What is the hundreds digit of 31318?
3
What is the tens digit of 12417?
1
What is the thousands digit of 3116?
3
What is the tens digit of 225?
2
What is the units digit of 669?
9
What is the hundreds digit of 7514?
5
What is the hundreds digit of 8785?
7
What is the thousands digit of 1352?
1
What is the tens digit of 802?
0
What is the tens digit of 2971?
7
What is the hundreds digit of 15201?
2
What is the thousands digit of 133868?
3
What is the tens digit of 594?
9
What is the hundreds digit of 2726?
7
What is the tens digit of 82?
8
What is the tens digit of 442?
4
What is the hundreds digit of 342?
3
What is the thousands digit of 38942?
8
What is the thousands digit of 1772?
1
What is the tens digit of 1663?
6
What is the units digit of 165?
5
What is the tens digit of 8768?
6
What is the tens digit of 16760?
6
What is the tens digit of 13254?
5
What is the units digit of 1918?
8
What is the tens digit of 1425?
2
What is the tens digit of 2107?
0
What is the hundreds digit of 69549?
5
What is the units digit of 1187?
7
What is the hundred thousands digit of 165548?
1
What is the units digit of 9354?
4
What is the tens digit of 902?
0
What is the tens digit of 336?
3
What is the units digit of 952?
2
What is the tens digit of 44992?
9
What is the tens digit of 7179?
7
What is the units digit of 76764?
4
What is the tens digit of 1376?
7
What is the hundreds digit of 1249?
2
What is the thousands digit of 2138?
2
What is the hundreds digit of 23083?
0
What is the ten thousands digit of 15645?
1
What is the ten thousands digit of 42795?
4
What is the tens digit of 1045?
4
What is the thousands digit of 10249?
0
What is the thousands digit of 2253?
2
What is the hundreds digit of 760?
7
What is the hundreds digit of 2890?
8
What is the hundreds digit of 10593?
5
What is the ten thousands digit of 40409?
4
What is the units digit of 12837?
7
What is the tens digit of 28002?
0
What is the hundreds digit of 750?
7
What is the hundreds digit of 5911?
9
What is the thousands digit of 1438?
1
What is the thousands digit of 1441?
1
What is the tens digit of 15070?
7
What is the hundreds digit of 2778?
7
What is the units digit of 3609?
9
What is the tens digit of 476?
7
What is the units digit of 35?
5
What is the hundreds digit of 12590?
5
What is the thousands digit of 2431?
2
What is the ten thousands digit of 12300?
1
What is the units digit of 485?
5
What is the units digit of 961?
1
What is the ten thousands digit of 26424?
2
What is the units digit of 261?
1
What is the thousands digit of 45307?
5
What is the units digit of 15725?
5
What is the units digit of 51551?
1
What is the units digit of 5264?
4
What is the ten thousands digit of 12335?
1
What is the hundreds digit of 18468?
4
What is the units digit of 561?
1
What is the hundreds digit of 4932?
9
What is the hundreds digit of 10382?
3
What is the hundreds digit of 6550?
5
What is the tens digit of 408?
0
What is the tens digit of 7556?
5
What is the hundreds digit of 346?
3
What is the units digit of 990?
0
What is the hundreds digit of 183?
1
What is the thousands digit of 2957?
2
What is the tens digit of 307?
0
What is the ten thousands digit of 11173?
1
What is the units digit of 36134?
4
What is the units digit of 13806?
6
What is the units digit of 93339?
9
What is the tens digit of 9404?
0
What is the units digit of 418?
8
What is the units digit of 1025?
5
What is the thousands digit of 8955?
8
What is the tens digit of 2558?
5
What is the units digit of 1535?
5
What is the hundreds digit of 78893?
8
What is the units digit of 316?
6
What is the units digit of 13838?
8
What is the thousands digit of 4377?
4
What is the units digit of 2443?
3
What is the tens digit of 781?
8
What is the tens digit of 21307?
0
What is the thousands digit of 1129?
1
What is the thousands digit of 40331?
0
What is the hundreds digit of 2673?
6
What is the units digit of 4?
4
What is the thousands digit of 4203?
4
What is the tens digit of 350?
5
What is the ten thousands digit of 14641?
1
What is the thousands digit of 8369?
8
What is the thousands digit of 9193?
9
What is the hundreds digit of 6487?
4
What is the units digit of 3834?
4
What is the tens digit of 1181?
8
What is the units digit of 45636?
6
What is the thousands digit of 11787?
1
What is the units digit of 772?
2
What is the hundreds digit of 8549?
5
What is the tens digit of 142?
4
What is the tens digit of 307?
0
What is the thousands digit of 46010?
6
What is the hundreds digit of 809?
8
What is the units digit of 2063?
3
What is the hundreds digit of 36586?
5
What is the tens digit of 2744?
4
What is the hundreds digit of 1267?
2
What is the hundreds digit of 348?
3
What is the tens digit of 587?
8
What is the units digit of 1555?
5
What is the hundreds digit of 32564?
5
What is the hundreds digit of 24